79.169.42.33 - - [11/Jun/2026:13:20:14 +0100] "POST /cpsess3017045022/3rdparty/roundcube/?_task=mail&_action=refresh HTTP/1.0" 308 152 "https://webmail.albatroz-eng.com/cpsess3017045022/3rdparty/roundcube/?_task=mail&_mbox=INBOX" "Mozilla/5.0 (Windows NT 10.0; Win64; x64) AppleWebKit/537.36 (KHTML, like Gecko) Chrome/145.0.0.0 Safari/537.36"
79.169.42.33 - - [11/Jun/2026:13:20:14 +0100] "POST /cpsess3017045022/3rdparty/roundcube/?_task=mail&_action=refresh HTTP/1.0" 308 152 "https://webmail.albatroz-eng.com/cpsess3017045022/3rdparty/roundcube/?_task=mail&_mbox=INBOX" "Mozilla/5.0 (Windows NT 10.0; Win64; x64) AppleWebKit/537.36 (KHTML, like Gecko) Chrome/145.0.0.0 Safari/537.36"
79.169.42.33 - - [11/Jun/2026:13:20:14 +0100] "POST /cpsess3017045022/3rdparty/roundcube/?_task=mail&_action=refresh HTTP/1.0" 200 1387 "https://webmail.albatroz-eng.com/cpsess3017045022/3rdparty/roundcube/?_task=mail&_mbox=INBOX" "Mozilla/5.0 (Windows NT 10.0; Win64; x64) AppleWebKit/537.36 (KHTML, like Gecko) Chrome/145.0.0.0 Safari/537.36"
119.195.102.159 - - [11/Jun/2026:13:20:16 +0100] "GET /wp-login.php HTTP/1.0" 500 - "-" "Mozilla/5.0 (X11; CrOS x86_64 14541.0.0) AppleWebKit/537.36 (KHTML, like Gecko) Chrome/133.0.0.0 Safari/537.36"
79.169.42.33 - - [11/Jun/2026:13:20:18 +0100] "POST /cpsess2587555456/3rdparty/roundcube/?_task=mail&_action=refresh HTTP/1.0" 308 152 "https://webmail.albatroz-eng.com/cpsess2587555456/3rdparty/roundcube/?_task=mail&_caps=pdf%3D1%2Cflash%3D0%2Ctiff%3D0%2Cwebp%3D1%2Cpgpmime%3D0&_uid=97&_mbox=INBOX.Registos.Ptisp&_action=show" "Mozilla/5.0 (Windows NT 10.0; Win64; x64) AppleWebKit/537.36 (KHTML, like Gecko) Chrome/149.0.0.0 Safari/537.36"
79.169.42.33 - - [11/Jun/2026:13:20:19 +0100] "POST /cpsess2587555456/3rdparty/roundcube/?_task=mail&_action=refresh HTTP/1.0" 200 1332 "https://webmail.albatroz-eng.com/cpsess2587555456/3rdparty/roundcube/?_task=mail&_caps=pdf%3D1%2Cflash%3D0%2Ctiff%3D0%2Cwebp%3D1%2Cpgpmime%3D0&_uid=97&_mbox=INBOX.Registos.Ptisp&_action=show" "Mozilla/5.0 (Windows NT 10.0; Win64; x64) AppleWebKit/537.36 (KHTML, like Gecko) Chrome/149.0.0.0 Safari/537.36"
119.195.102.159 - - [11/Jun/2026:13:20:19 +0100] "POST /wp-login.php HTTP/1.0" 500 - "https://albatroz-eng.com/wp-login.php" "Mozilla/5.0 (X11; CrOS x86_64 14541.0.0) AppleWebKit/537.36 (KHTML, like Gecko) Chrome/133.0.0.0 Safari/537.36"
92.119.16.41 - - [11/Jun/2026:13:20:22 +0100] "GET /64744170 HTTP/1.0" 500 - "-" "Mozilla/5.0 (Windows NT 10.0; Win64; x64) AppleWebKit/537.36 (KHTML, like Gecko) Chrome/130.0.6723.116 Safari/537.36"
107.161.159.41 - - [11/Jun/2026:13:20:47 +0100] "GET /65339951 HTTP/1.0" 500 - "-" "Mozilla/5.0 (Macintosh; Intel Mac OS X 15_3_1) AppleWebKit/537.36 (KHTML, like Gecko) Chrome/125.0.6422.176 Safari/537.36"
79.169.42.33 - - [11/Jun/2026:13:20:48 +0100] "POST /cpsess2601441477/3rdparty/roundcube/?_task=mail&_action=refresh HTTP/1.0" 200 1390 "https://webmail.albatroz-eng.com/cpsess2601441477/3rdparty/roundcube/?_task=mail&_mbox=INBOX" "Mozilla/5.0 (Windows NT 10.0; Win64; x64; rv:151.0) Gecko/20100101 Firefox/151.0"
79.169.42.33 - - [11/Jun/2026:13:20:58 +0100] "POST /cpsess5077675378/3rdparty/roundcube/?_task=mail&_action=refresh HTTP/1.0" 200 1388 "https://webmail.albatroz-eng.com/cpsess5077675378/3rdparty/roundcube/?_task=mail&_mbox=INBOX" "Mozilla/5.0 (Windows NT 10.0; Win64; x64) AppleWebKit/537.36 (KHTML, like Gecko) Chrome/148.0.0.0 Safari/537.36"
79.169.42.33 - - [11/Jun/2026:13:21:01 +0100] "POST /cpsess5049072543/3rdparty/roundcube/?_task=mail&_action=refresh HTTP/1.0" 200 1388 "https://webmail.albatroz-eng.com/cpsess5049072543/3rdparty/roundcube/?_task=mail&_mbox=INBOX" "Mozilla/5.0 (Windows NT 10.0; Win64; x64) AppleWebKit/537.36 (KHTML, like Gecko) Chrome/149.0.0.0 Safari/537.36"
202.125.67.55 - - [11/Jun/2026:13:21:02 +0100] "GET /59062535 HTTP/1.0" 500 - "-" "Mozilla/5.0 (Macintosh; Intel Mac OS X 10_13_6) AppleWebKit/537.36 (KHTML, like Gecko) Chrome/80.0.3987.149 Safari/537.36"
57.141.20.53 - - [11/Jun/2026:13:21:11 +0100] "GET /61929300 HTTP/1.0" 500 - "-" "meta-externalagent/1.1 (+https://developers.facebook.com/docs/sharing/webmasters/crawler)"
71.200.119.98 - - [11/Jun/2026:13:21:13 +0100] "GET /65442452 HTTP/1.0" 500 - "-" "Mozilla/5.0 (Macintosh; Intel Mac OS X 13.1; rv:132.0) Gecko/20100101 Firefox/132.0"
79.169.42.33 - - [11/Jun/2026:13:21:18 +0100] "POST /cpsess2587555456/3rdparty/roundcube/?_task=mail&_action=refresh HTTP/1.0" 200 1331 "https://webmail.albatroz-eng.com/cpsess2587555456/3rdparty/roundcube/?_task=mail&_caps=pdf%3D1%2Cflash%3D0%2Ctiff%3D0%2Cwebp%3D1%2Cpgpmime%3D0&_uid=97&_mbox=INBOX.Registos.Ptisp&_action=show" "Mozilla/5.0 (Windows NT 10.0; Win64; x64) AppleWebKit/537.36 (KHTML, like Gecko) Chrome/149.0.0.0 Safari/537.36"
66.249.64.40 - - [11/Jun/2026:13:21:29 +0100] "GET /robots.txt HTTP/1.0" 500 - "-" "Mozilla/5.0 (compatible; Googlebot/2.1; +http://www.google.com/bot.html)"
47.79.207.103 - - [11/Jun/2026:13:21:29 +0100] "GET /bak2013/solutions_fr.php HTTP/1.0" 500 - "https://www.google.com/" "Mozilla/5.0 (Linux; Android 10; K) AppleWebKit/537.36 (KHTML, like Gecko) Chrome/132.0.0.0 Mobile Safari/537.36"
103.151.30.225 - - [11/Jun/2026:13:21:32 +0100] "GET /?69336237 HTTP/1.0" 500 - "-" "Mozilla/5.0 (Macintosh; Intel Mac OS X 10_15_7) AppleWebKit/537.36 (KHTML, like Gecko) Brave Chrome/87.0.4280.60 Safari/537.36"
36.161.3.202 - - [11/Jun/2026:13:21:36 +0100] "GET /news/albatroz-at-uppa-association/ HTTP/1.0" 500 - "-" "Mozilla/5.0 (Windows NT 10.0; Win64; x64) AppleWebKit/537.36 (KHTML, like Gecko) Chrome/129.0.0.0 Safari/537.36"
117.66.40.149 - - [11/Jun/2026:13:21:39 +0100] "GET /news/albatroz-at-uppa-association/ HTTP/1.0" 500 - "-" "Mozilla/5.0 (Windows NT 10.0; Win64; x64) AppleWebKit/537.36 (KHTML, like Gecko) Chrome/142.0.0.0 Safari/537.36"
24.188.146.5 - - [11/Jun/2026:13:21:39 +0100] "GET /65741974 HTTP/1.0" 500 - "-" "Mozilla/5.0 (Macintosh; Intel Mac OS X 12.6; rv:130.0) Gecko/20100101 Firefox/130.0"
111.42.141.76 - - [11/Jun/2026:13:21:41 +0100] "GET /news/albatroz-at-uppa-association/ HTTP/1.0" 500 - "-" "Mozilla/5.0 (Windows NT 10.0; Win64; x64) AppleWebKit/537.36 (KHTML, like Gecko) Chrome/142.0.0.0 Safari/537.36"
79.169.42.33 - - [11/Jun/2026:13:21:55 +0100] "POST /cpsess2601441477/3rdparty/roundcube/?_task=mail&_action=refresh HTTP/1.0" 200 1390 "https://webmail.albatroz-eng.com/cpsess2601441477/3rdparty/roundcube/?_task=mail&_mbox=INBOX" "Mozilla/5.0 (Windows NT 10.0; Win64; x64; rv:151.0) Gecko/20100101 Firefox/151.0"
79.169.42.33 - - [11/Jun/2026:13:21:59 +0100] "POST /cpsess5077675378/3rdparty/roundcube/?_task=mail&_action=refresh HTTP/1.0" 200 1387 "https://webmail.albatroz-eng.com/cpsess5077675378/3rdparty/roundcube/?_task=mail&_mbox=INBOX" "Mozilla/5.0 (Windows NT 10.0; Win64; x64) AppleWebKit/537.36 (KHTML, like Gecko) Chrome/148.0.0.0 Safari/537.36"
79.169.42.33 - - [11/Jun/2026:13:22:02 +0100] "POST /cpsess5049072543/3rdparty/roundcube/?_task=mail&_action=refresh HTTP/1.0" 200 1387 "https://webmail.albatroz-eng.com/cpsess5049072543/3rdparty/roundcube/?_task=mail&_mbox=INBOX" "Mozilla/5.0 (Windows NT 10.0; Win64; x64) AppleWebKit/537.36 (KHTML, like Gecko) Chrome/149.0.0.0 Safari/537.36"
79.169.42.33 - - [11/Jun/2026:13:22:14 +0100] "POST /cpsess3017045022/3rdparty/roundcube/?_task=mail&_action=refresh HTTP/1.0" 200 1387 "https://webmail.albatroz-eng.com/cpsess3017045022/3rdparty/roundcube/?_task=mail&_mbox=INBOX" "Mozilla/5.0 (Windows NT 10.0; Win64; x64) AppleWebKit/537.36 (KHTML, like Gecko) Chrome/145.0.0.0 Safari/537.36"
79.169.42.33 - - [11/Jun/2026:13:22:15 +0100] "POST /cpsess9339340878/3rdparty/roundcube/?_task=mail&_action=refresh HTTP/1.0" 200 4980 "https://webmail.albatroz-eng.com/cpsess9339340878/3rdparty/roundcube/?_task=mail&_mbox=INBOX" "Mozilla/5.0 (Windows NT 10.0; Win64; x64; rv:151.0) Gecko/20100101 Firefox/151.0"
79.169.42.33 - - [11/Jun/2026:13:22:18 +0100] "POST /cpsess2587555456/3rdparty/roundcube/?_task=mail&_action=refresh HTTP/1.0" 308 152 "https://webmail.albatroz-eng.com/cpsess2587555456/3rdparty/roundcube/?_task=mail&_caps=pdf%3D1%2Cflash%3D0%2Ctiff%3D0%2Cwebp%3D1%2Cpgpmime%3D0&_uid=97&_mbox=INBOX.Registos.Ptisp&_action=show" "Mozilla/5.0 (Windows NT 10.0; Win64; x64) AppleWebKit/537.36 (KHTML, like Gecko) Chrome/149.0.0.0 Safari/537.36"
79.169.42.33 - - [11/Jun/2026:13:22:18 +0100] "POST /cpsess2587555456/3rdparty/roundcube/?_task=mail&_action=refresh HTTP/1.0" 200 1332 "https://webmail.albatroz-eng.com/cpsess2587555456/3rdparty/roundcube/?_task=mail&_caps=pdf%3D1%2Cflash%3D0%2Ctiff%3D0%2Cwebp%3D1%2Cpgpmime%3D0&_uid=97&_mbox=INBOX.Registos.Ptisp&_action=show" "Mozilla/5.0 (Windows NT 10.0; Win64; x64) AppleWebKit/537.36 (KHTML, like Gecko) Chrome/149.0.0.0 Safari/537.36"
57.141.20.61 - - [11/Jun/2026:13:22:18 +0100] "GET /62540505 HTTP/1.0" 500 - "-" "meta-externalagent/1.1 (+https://developers.facebook.com/docs/sharing/webmasters/crawler)"
5.255.231.106 - - [11/Jun/2026:13:22:19 +0100] "GET /robots.txt HTTP/1.0" 500 - "-" "Mozilla/5.0 (compatible; YandexBot/3.0; +http://yandex.com/bots)"
66.85.227.176 - - [11/Jun/2026:13:22:32 +0100] "GET /66140337 HTTP/1.0" 500 - "-" "Mozilla/5.0 (Macintosh; Intel Mac OS X 12_2_1) AppleWebKit/537.36 (KHTML, like Gecko) Chrome/126.0.6478.55 Safari/537.36"
173.171.237.44 - - [11/Jun/2026:13:22:58 +0100] "GET /67539994 HTTP/1.0" 500 - "-" "Mozilla/5.0 (Macintosh; Intel Mac OS X 11.4; rv:136.0) Gecko/20100101 Firefox/136.0"
79.169.42.33 - - [11/Jun/2026:13:22:58 +0100] "POST /cpsess5077675378/3rdparty/roundcube/?_task=mail&_action=refresh HTTP/1.0" 200 1388 "https://webmail.albatroz-eng.com/cpsess5077675378/3rdparty/roundcube/?_task=mail&_mbox=INBOX" "Mozilla/5.0 (Windows NT 10.0; Win64; x64) AppleWebKit/537.36 (KHTML, like Gecko) Chrome/148.0.0.0 Safari/537.36"
79.169.42.33 - - [11/Jun/2026:13:23:01 +0100] "POST /cpsess5049072543/3rdparty/roundcube/?_task=mail&_action=refresh HTTP/1.0" 200 1388 "https://webmail.albatroz-eng.com/cpsess5049072543/3rdparty/roundcube/?_task=mail&_mbox=INBOX" "Mozilla/5.0 (Windows NT 10.0; Win64; x64) AppleWebKit/537.36 (KHTML, like Gecko) Chrome/149.0.0.0 Safari/537.36"
79.169.42.33 - - [11/Jun/2026:13:23:02 +0100] "POST /cpsess2601441477/3rdparty/roundcube/?_task=mail&_action=refresh HTTP/1.0" 200 1390 "https://webmail.albatroz-eng.com/cpsess2601441477/3rdparty/roundcube/?_task=mail&_mbox=INBOX" "Mozilla/5.0 (Windows NT 10.0; Win64; x64; rv:151.0) Gecko/20100101 Firefox/151.0"
79.169.42.33 - - [11/Jun/2026:13:23:18 +0100] "POST /cpsess2587555456/3rdparty/roundcube/?_task=mail&_action=refresh HTTP/1.0" 200 1333 "https://webmail.albatroz-eng.com/cpsess2587555456/3rdparty/roundcube/?_task=mail&_caps=pdf%3D1%2Cflash%3D0%2Ctiff%3D0%2Cwebp%3D1%2Cpgpmime%3D0&_uid=97&_mbox=INBOX.Registos.Ptisp&_action=show" "Mozilla/5.0 (Windows NT 10.0; Win64; x64) AppleWebKit/537.36 (KHTML, like Gecko) Chrome/149.0.0.0 Safari/537.36"
94.23.188.195 - - [11/Jun/2026:13:23:22 +0100] "GET /sitemap-1.xml HTTP/1.0" 500 - "-" "Mozilla/5.0 (compatible; AhrefsBot/7.0; +http://ahrefs.com/robot/)"
47.26.249.16 - - [11/Jun/2026:13:23:24 +0100] "GET /68469713 HTTP/1.0" 500 - "-" "Mozilla/5.0 (Macintosh; Intel Mac OS X 14_7_1) AppleWebKit/537.36 (KHTML, like Gecko) Chrome/132.0.6834.160 Safari/537.36"
57.141.20.6 - - [11/Jun/2026:13:23:25 +0100] "GET /68079525 HTTP/1.0" 500 - "-" "meta-externalagent/1.1 (+https://developers.facebook.com/docs/sharing/webmasters/crawler)"
96.224.233.11 - - [11/Jun/2026:13:23:49 +0100] "GET /68482609 HTTP/1.0" 500 - "-" "Mozilla/5.0 (Macintosh; Intel Mac OS X 13.1; rv:125.0) Gecko/20100101 Firefox/125.0"
79.169.42.33 - - [11/Jun/2026:13:23:58 +0100] "POST /cpsess5077675378/3rdparty/roundcube/?_task=mail&_action=refresh HTTP/1.0" 308 152 "https://webmail.albatroz-eng.com/cpsess5077675378/3rdparty/roundcube/?_task=mail&_mbox=INBOX" "Mozilla/5.0 (Windows NT 10.0; Win64; x64) AppleWebKit/537.36 (KHTML, like Gecko) Chrome/148.0.0.0 Safari/537.36"
79.169.42.33 - - [11/Jun/2026:13:23:59 +0100] "POST /cpsess5077675378/3rdparty/roundcube/?_task=mail&_action=refresh HTTP/1.0" 308 152 "https://webmail.albatroz-eng.com/cpsess5077675378/3rdparty/roundcube/?_task=mail&_mbox=INBOX" "Mozilla/5.0 (Windows NT 10.0; Win64; x64) AppleWebKit/537.36 (KHTML, like Gecko) Chrome/148.0.0.0 Safari/537.36"
79.169.42.33 - - [11/Jun/2026:13:23:59 +0100] "POST /cpsess5077675378/3rdparty/roundcube/?_task=mail&_action=refresh HTTP/1.0" 200 1387 "https://webmail.albatroz-eng.com/cpsess5077675378/3rdparty/roundcube/?_task=mail&_mbox=INBOX" "Mozilla/5.0 (Windows NT 10.0; Win64; x64) AppleWebKit/537.36 (KHTML, like Gecko) Chrome/148.0.0.0 Safari/537.36"
79.169.42.33 - - [11/Jun/2026:13:24:01 +0100] "POST /cpsess5049072543/3rdparty/roundcube/?_task=mail&_action=refresh HTTP/1.0" 200 1388 "https://webmail.albatroz-eng.com/cpsess5049072543/3rdparty/roundcube/?_task=mail&_mbox=INBOX" "Mozilla/5.0 (Windows NT 10.0; Win64; x64) AppleWebKit/537.36 (KHTML, like Gecko) Chrome/149.0.0.0 Safari/537.36"
79.169.42.33 - - [11/Jun/2026:13:24:08 +0100] "POST /cpsess2601441477/3rdparty/roundcube/?_task=mail&_action=refresh HTTP/1.0" 200 1390 "https://webmail.albatroz-eng.com/cpsess2601441477/3rdparty/roundcube/?_task=mail&_mbox=INBOX" "Mozilla/5.0 (Windows NT 10.0; Win64; x64; rv:151.0) Gecko/20100101 Firefox/151.0"
74.50.90.10 - - [11/Jun/2026:13:24:10 +0100] "GET /wp-login.php HTTP/1.0" 500 - "https://albatroz.engineering/wp-login.php" "Mozilla/5.0 (Windows NT 10.0; Win64; x64) AppleWebKit/537.36 (KHTML, like Gecko) Chrome/120.0.0.0 Safari/537.36"
79.169.42.33 - - [11/Jun/2026:13:24:14 +0100] "POST /cpsess3017045022/3rdparty/roundcube/?_task=mail&_action=refresh HTTP/1.0" 200 1387 "https://webmail.albatroz-eng.com/cpsess3017045022/3rdparty/roundcube/?_task=mail&_mbox=INBOX" "Mozilla/5.0 (Windows NT 10.0; Win64; x64) AppleWebKit/537.36 (KHTML, like Gecko) Chrome/145.0.0.0 Safari/537.36"
38.49.76.245 - - [11/Jun/2026:13:24:16 +0100] "GET /68623992 HTTP/1.0" 500 - "-" "Mozilla/5.0 (Windows NT 10.0; Win64; x64) AppleWebKit/537.36 (KHTML, like Gecko) Chrome/132.0.6834.83 Safari/537.36"
79.169.42.33 - - [11/Jun/2026:13:24:18 +0100] "POST /cpsess2587555456/3rdparty/roundcube/?_task=mail&_action=refresh HTTP/1.0" 200 1331 "https://webmail.albatroz-eng.com/cpsess2587555456/3rdparty/roundcube/?_task=mail&_caps=pdf%3D1%2Cflash%3D0%2Ctiff%3D0%2Cwebp%3D1%2Cpgpmime%3D0&_uid=97&_mbox=INBOX.Registos.Ptisp&_action=show" "Mozilla/5.0 (Windows NT 10.0; Win64; x64) AppleWebKit/537.36 (KHTML, like Gecko) Chrome/149.0.0.0 Safari/537.36"
79.169.42.33 - - [11/Jun/2026:13:24:21 +0100] "GET /cpsess2849470307/3rdparty/roundcube/?_task=mail&_mbox=INBOX HTTP/1.0" 308 148 "-" "Mozilla/5.0 (Windows NT 10.0; Win64; x64) AppleWebKit/537.36 (KHTML, like Gecko) Chrome/148.0.0.0 Safari/537.36"
79.169.42.33 - - [11/Jun/2026:13:24:21 +0100] "GET /cpsess2849470307/3rdparty/roundcube/?_task=mail&_mbox=INBOX HTTP/1.0" 200 12459 "-" "Mozilla/5.0 (Windows NT 10.0; Win64; x64) AppleWebKit/537.36 (KHTML, like Gecko) Chrome/148.0.0.0 Safari/537.36"
79.169.42.33 - - [11/Jun/2026:13:24:21 +0100] "GET /cPanel_magic_revision_1460573724/unprotected/cpanel/images/webmail-logo.svg HTTP/1.0" 200 2399 "https://webmail.albatroz-eng.com/cpsess2849470307/3rdparty/roundcube/?_task=mail&_mbox=INBOX" "Mozilla/5.0 (Windows NT 10.0; Win64; x64) AppleWebKit/537.36 (KHTML, like Gecko) Chrome/148.0.0.0 Safari/537.36"
79.169.42.33 - - [11/Jun/2026:13:24:23 +0100] "POST /login/?login_only=1 HTTP/1.0" 200 170 "https://webmail.albatroz-eng.com/cpsess2849470307/3rdparty/roundcube/?_task=mail&_mbox=INBOX" "Mozilla/5.0 (Windows NT 10.0; Win64; x64) AppleWebKit/537.36 (KHTML, like Gecko) Chrome/148.0.0.0 Safari/537.36"
79.169.42.33 - - [11/Jun/2026:13:24:23 +0100] "GET /cpsess4680654539/3rdparty/roundcube/?_task=mail&_mbox=INBOX&login=1&post_login=63181961192192 HTTP/1.0" 302 - "https://webmail.albatroz-eng.com/cpsess2849470307/3rdparty/roundcube/?_task=mail&_mbox=INBOX" "Mozilla/5.0 (Windows NT 10.0; Win64; x64) AppleWebKit/537.36 (KHTML, like Gecko) Chrome/148.0.0.0 Safari/537.36"
79.169.42.33 - - [11/Jun/2026:13:24:24 +0100] "GET /cpsess4680654539/3rdparty/roundcube/?_task=mail&_token=T9Cz3jjeQDRjFckhNb1yNqgAjFyL9Km8 HTTP/1.0" 200 14181 "https://webmail.albatroz-eng.com/cpsess2849470307/3rdparty/roundcube/?_task=mail&_mbox=INBOX" "Mozilla/5.0 (Windows NT 10.0; Win64; x64) AppleWebKit/537.36 (KHTML, like Gecko) Chrome/148.0.0.0 Safari/537.36"
79.169.42.33 - - [11/Jun/2026:13:24:24 +0100] "GET /cpsess4680654539/3rdparty/roundcube/plugins/return_to_webmail/skins/elastic/return_to_webmail.css?s=1749492914 HTTP/1.0" 200 863 "https://webmail.albatroz-eng.com/cpsess4680654539/3rdparty/roundcube/?_task=mail&_token=T9Cz3jjeQDRjFckhNb1yNqgAjFyL9Km8" "Mozilla/5.0 (Windows NT 10.0; Win64; x64) AppleWebKit/537.36 (KHTML, like Gecko) Chrome/148.0.0.0 Safari/537.36"
79.169.42.33 - - [11/Jun/2026:13:24:24 +0100] "GET /cpsess4680654539/3rdparty/roundcube/skins/elastic/styles/styles.min.css?s=1774777728 HTTP/1.0" 308 169 "https://webmail.albatroz-eng.com/cpsess4680654539/3rdparty/roundcube/?_task=mail&_token=T9Cz3jjeQDRjFckhNb1yNqgAjFyL9Km8" "Mozilla/5.0 (Windows NT 10.0; Win64; x64) AppleWebKit/537.36 (KHTML, like Gecko) Chrome/148.0.0.0 Safari/537.36"
79.169.42.33 - - [11/Jun/2026:13:24:24 +0100] "GET /cpsess4680654539/3rdparty/roundcube/program/js/jquery.min.js?s=1774777730 HTTP/1.0" 200 32867 "https://webmail.albatroz-eng.com/cpsess4680654539/3rdparty/roundcube/?_task=mail&_token=T9Cz3jjeQDRjFckhNb1yNqgAjFyL9Km8" "Mozilla/5.0 (Windows NT 10.0; Win64; x64) AppleWebKit/537.36 (KHTML, like Gecko) Chrome/148.0.0.0 Safari/537.36"
79.169.42.33 - - [11/Jun/2026:13:24:24 +0100] "GET /cpsess4680654539/3rdparty/roundcube/program/js/app.min.js?s=1779986815 HTTP/1.0" 200 50616 "https://webmail.albatroz-eng.com/cpsess4680654539/3rdparty/roundcube/?_task=mail&_token=T9Cz3jjeQDRjFckhNb1yNqgAjFyL9Km8" "Mozilla/5.0 (Windows NT 10.0; Win64; x64) AppleWebKit/537.36 (KHTML, like Gecko) Chrome/148.0.0.0 Safari/537.36"
79.169.42.33 - - [11/Jun/2026:13:24:24 +0100] "GET /cpsess4680654539/3rdparty/roundcube/program/js/treelist.min.js?s=1774777727 HTTP/1.0" 200 5390 "https://webmail.albatroz-eng.com/cpsess4680654539/3rdparty/roundcube/?_task=mail&_token=T9Cz3jjeQDRjFckhNb1yNqgAjFyL9Km8" "Mozilla/5.0 (Windows NT 10.0; Win64; x64) AppleWebKit/537.36 (KHTML, like Gecko) Chrome/148.0.0.0 Safari/537.36"
79.169.42.33 - - [11/Jun/2026:13:24:24 +0100] "GET /cpsess4680654539/3rdparty/roundcube/plugins/libkolab/skins/elastic/libkolab.min.css?s=1779990573 HTTP/1.0" 200 16079 "https://webmail.albatroz-eng.com/cpsess4680654539/3rdparty/roundcube/?_task=mail&_token=T9Cz3jjeQDRjFckhNb1yNqgAjFyL9Km8" "Mozilla/5.0 (Windows NT 10.0; Win64; x64) AppleWebKit/537.36 (KHTML, like Gecko) Chrome/148.0.0.0 Safari/537.36"
79.169.42.33 - - [11/Jun/2026:13:24:24 +0100] "GET /cpsess4680654539/3rdparty/roundcube/program/js/list.min.js?s=1774777727 HTTP/1.0" 200 8316 "https://webmail.albatroz-eng.com/cpsess4680654539/3rdparty/roundcube/?_task=mail&_token=T9Cz3jjeQDRjFckhNb1yNqgAjFyL9Km8" "Mozilla/5.0 (Windows NT 10.0; Win64; x64) AppleWebKit/537.36 (KHTML, like Gecko) Chrome/148.0.0.0 Safari/537.36"
79.169.42.33 - - [11/Jun/2026:13:24:24 +0100] "GET /cpsess4680654539/3rdparty/roundcube/skins/elastic/deps/bootstrap.min.css?s=1774777731 HTTP/1.0" 200 25867 "https://webmail.albatroz-eng.com/cpsess4680654539/3rdparty/roundcube/?_task=mail&_token=T9Cz3jjeQDRjFckhNb1yNqgAjFyL9Km8" "Mozilla/5.0 (Windows NT 10.0; Win64; x64) AppleWebKit/537.36 (KHTML, like Gecko) Chrome/148.0.0.0 Safari/537.36"
79.169.42.33 - - [11/Jun/2026:13:24:24 +0100] "GET /cpsess4680654539/3rdparty/roundcube/plugins/archive/archive.min.js?s=1774777727 HTTP/1.0" 200 743 "https://webmail.albatroz-eng.com/cpsess4680654539/3rdparty/roundcube/?_task=mail&_token=T9Cz3jjeQDRjFckhNb1yNqgAjFyL9Km8" "Mozilla/5.0 (Windows NT 10.0; Win64; x64) AppleWebKit/537.36 (KHTML, like Gecko) Chrome/148.0.0.0 Safari/537.36"
79.169.42.33 - - [11/Jun/2026:13:24:24 +0100] "GET /cpsess4680654539/3rdparty/roundcube/plugins/return_to_webmail/return_to_webmail.js?s=1749492914 HTTP/1.0" 200 773 "https://webmail.albatroz-eng.com/cpsess4680654539/3rdparty/roundcube/?_task=mail&_token=T9Cz3jjeQDRjFckhNb1yNqgAjFyL9Km8" "Mozilla/5.0 (Windows NT 10.0; Win64; x64) AppleWebKit/537.36 (KHTML, like Gecko) Chrome/148.0.0.0 Safari/537.36"
79.169.42.33 - - [11/Jun/2026:13:24:24 +0100] "GET /cpsess4680654539/3rdparty/roundcube/plugins/jqueryui/themes/elastic/jquery-ui.min.css?s=1774777727 HTTP/1.0" 200 7701 "https://webmail.albatroz-eng.com/cpsess4680654539/3rdparty/roundcube/?_task=mail&_token=T9Cz3jjeQDRjFckhNb1yNqgAjFyL9Km8" "Mozilla/5.0 (Windows NT 10.0; Win64; x64) AppleWebKit/537.36 (KHTML, like Gecko) Chrome/148.0.0.0 Safari/537.36"
79.169.42.33 - - [11/Jun/2026:13:24:24 +0100] "GET /cpsess4680654539/3rdparty/roundcube/plugins/managesieve/managesieve.min.js?s=1774777727 HTTP/1.0" 200 7006 "https://webmail.albatroz-eng.com/cpsess4680654539/3rdparty/roundcube/?_task=mail&_token=T9Cz3jjeQDRjFckhNb1yNqgAjFyL9Km8" "Mozilla/5.0 (Windows NT 10.0; Win64; x64) AppleWebKit/537.36 (KHTML, like Gecko) Chrome/148.0.0.0 Safari/537.36"
79.169.42.33 - - [11/Jun/2026:13:24:24 +0100] "GET /cpsess4680654539/3rdparty/roundcube/plugins/markasjunk/markasjunk.min.js?s=1774777727 HTTP/1.0" 200 1144 "https://webmail.albatroz-eng.com/cpsess4680654539/3rdparty/roundcube/?_task=mail&_token=T9Cz3jjeQDRjFckhNb1yNqgAjFyL9Km8" "Mozilla/5.0 (Windows NT 10.0; Win64; x64) AppleWebKit/537.36 (KHTML, like Gecko) Chrome/148.0.0.0 Safari/537.36"
79.169.42.33 - - [11/Jun/2026:13:24:24 +0100] "GET /cpsess4680654539/3rdparty/roundcube/plugins/mixpanel_analytics/mixpanel_analytics_include.js?s=1781119613 HTTP/1.0" 200 974 "https://webmail.albatroz-eng.com/cpsess4680654539/3rdparty/roundcube/?_task=mail&_token=T9Cz3jjeQDRjFckhNb1yNqgAjFyL9Km8" "Mozilla/5.0 (Windows NT 10.0; Win64; x64) AppleWebKit/537.36 (KHTML, like Gecko) Chrome/148.0.0.0 Safari/537.36"
79.169.42.33 - - [11/Jun/2026:13:24:24 +0100] "GET /cpsess4680654539/3rdparty/roundcube/plugins/jqueryui/js/i18n/datepicker-pt.js?s=1774777727 HTTP/1.0" 200 609 "https://webmail.albatroz-eng.com/cpsess4680654539/3rdparty/roundcube/?_task=mail&_token=T9Cz3jjeQDRjFckhNb1yNqgAjFyL9Km8" "Mozilla/5.0 (Windows NT 10.0; Win64; x64) AppleWebKit/537.36 (KHTML, like Gecko) Chrome/148.0.0.0 Safari/537.36"
79.169.42.33 - - [11/Jun/2026:13:24:24 +0100] "GET /cpsess4680654539/3rdparty/roundcube/plugins/jqueryui/js/jquery-ui.min.js?s=1774777727 HTTP/1.0" 200 74366 "https://webmail.albatroz-eng.com/cpsess4680654539/3rdparty/roundcube/?_task=mail&_token=T9Cz3jjeQDRjFckhNb1yNqgAjFyL9Km8" "Mozilla/5.0 (Windows NT 10.0; Win64; x64) AppleWebKit/537.36 (KHTML, like Gecko) Chrome/148.0.0.0 Safari/537.36"
79.169.42.33 - - [11/Jun/2026:13:24:24 +0100] "GET /cpsess4680654539/3rdparty/roundcube/plugins/calendar/calendar_base.js?s=1779990572 HTTP/1.0" 200 1766 "https://webmail.albatroz-eng.com/cpsess4680654539/3rdparty/roundcube/?_task=mail&_token=T9Cz3jjeQDRjFckhNb1yNqgAjFyL9Km8" "Mozilla/5.0 (Windows NT 10.0; Win64; x64) AppleWebKit/537.36 (KHTML, like Gecko) Chrome/148.0.0.0 Safari/537.36"
79.169.42.33 - - [11/Jun/2026:13:24:24 +0100] "GET /cpsess4680654539/3rdparty/roundcube/plugins/libcalendaring/libcalendaring.js?s=1779990572 HTTP/1.0" 200 15738 "https://webmail.albatroz-eng.com/cpsess4680654539/3rdparty/roundcube/?_task=mail&_token=T9Cz3jjeQDRjFckhNb1yNqgAjFyL9Km8" "Mozilla/5.0 (Windows NT 10.0; Win64; x64) AppleWebKit/537.36 (KHTML, like Gecko) Chrome/148.0.0.0 Safari/537.36"
79.169.42.33 - - [11/Jun/2026:13:24:24 +0100] "GET /cpsess4680654539/3rdparty/roundcube/skins/elastic/images/logo.svg?s=1774777728 HTTP/1.0" 200 397 "https://webmail.albatroz-eng.com/cpsess4680654539/3rdparty/roundcube/?_task=mail&_token=T9Cz3jjeQDRjFckhNb1yNqgAjFyL9Km8" "Mozilla/5.0 (Windows NT 10.0; Win64; x64) AppleWebKit/537.36 (KHTML, like Gecko) Chrome/148.0.0.0 Safari/537.36"
79.169.42.33 - - [11/Jun/2026:13:24:24 +0100] "GET /cpsess4680654539/3rdparty/roundcube/program/js/common.min.js?s=1774777727 HTTP/1.0" 200 4959 "https://webmail.albatroz-eng.com/cpsess4680654539/3rdparty/roundcube/?_task=mail&_token=T9Cz3jjeQDRjFckhNb1yNqgAjFyL9Km8" "Mozilla/5.0 (Windows NT 10.0; Win64; x64) AppleWebKit/537.36 (KHTML, like Gecko) Chrome/148.0.0.0 Safari/537.36"
79.169.42.33 - - [11/Jun/2026:13:24:24 +0100] "GET /cpsess4680654539/3rdparty/roundcube/skins/elastic/styles/styles.min.css?s=1774777728 HTTP/1.0" 200 24005 "https://webmail.albatroz-eng.com/cpsess4680654539/3rdparty/roundcube/?_task=mail&_token=T9Cz3jjeQDRjFckhNb1yNqgAjFyL9Km8" "Mozilla/5.0 (Windows NT 10.0; Win64; x64) AppleWebKit/537.36 (KHTML, like Gecko) Chrome/148.0.0.0 Safari/537.36"
79.169.42.33 - - [11/Jun/2026:13:24:24 +0100] "GET /cpsess4680654539/3rdparty/roundcube/skins/elastic/deps/bootstrap.bundle.min.js?s=1774777731 HTTP/1.0" 200 23054 "https://webmail.albatroz-eng.com/cpsess4680654539/3rdparty/roundcube/?_task=mail&_token=T9Cz3jjeQDRjFckhNb1yNqgAjFyL9Km8" "Mozilla/5.0 (Windows NT 10.0; Win64; x64) AppleWebKit/537.36 (KHTML, like Gecko) Chrome/148.0.0.0 Safari/537.36"
79.169.42.33 - - [11/Jun/2026:13:24:24 +0100] "GET /cpsess4680654539/3rdparty/roundcube/skins/elastic/ui.min.js?s=1774777728 HTTP/1.0" 200 20576 "https://webmail.albatroz-eng.com/cpsess4680654539/3rdparty/roundcube/?_task=mail&_token=T9Cz3jjeQDRjFckhNb1yNqgAjFyL9Km8" "Mozilla/5.0 (Windows NT 10.0; Win64; x64) AppleWebKit/537.36 (KHTML, like Gecko) Chrome/148.0.0.0 Safari/537.36"
79.169.42.33 - - [11/Jun/2026:13:24:24 +0100] "GET /cpsess4680654539/3rdparty/roundcube/skins/elastic/watermark.html HTTP/1.0" 200 494 "https://webmail.albatroz-eng.com/cpsess4680654539/3rdparty/roundcube/?_task=mail&_token=T9Cz3jjeQDRjFckhNb1yNqgAjFyL9Km8" "Mozilla/5.0 (Windows NT 10.0; Win64; x64) AppleWebKit/537.36 (KHTML, like Gecko) Chrome/148.0.0.0 Safari/537.36"
79.169.42.33 - - [11/Jun/2026:13:24:25 +0100] "GET /cPanel_magic_revision_1774777728/3rdparty/roundcube/skins/elastic/fonts/roboto-v29-regular.woff2 HTTP/1.0" 304 - "https://webmail.albatroz-eng.com/cpsess4680654539/3rdparty/roundcube/skins/elastic/styles/styles.min.css?s=1774777728" "Mozilla/5.0 (Windows NT 10.0; Win64; x64) AppleWebKit/537.36 (KHTML, like Gecko) Chrome/148.0.0.0 Safari/537.36"
79.169.42.33 - - [11/Jun/2026:13:24:25 +0100] "GET /cPanel_magic_revision_1774777728/3rdparty/roundcube/skins/elastic/fonts/roboto-v29-regular-700.woff2 HTTP/1.0" 304 - "https://webmail.albatroz-eng.com/cpsess4680654539/3rdparty/roundcube/skins/elastic/styles/styles.min.css?s=1774777728" "Mozilla/5.0 (Windows NT 10.0; Win64; x64) AppleWebKit/537.36 (KHTML, like Gecko) Chrome/148.0.0.0 Safari/537.36"
79.169.42.33 - - [11/Jun/2026:13:24:25 +0100] "GET /cPanel_magic_revision_1774777728/3rdparty/roundcube/skins/elastic/fonts/fa-regular-400.woff2 HTTP/1.0" 308 144 "https://webmail.albatroz-eng.com/cpsess4680654539/3rdparty/roundcube/skins/elastic/styles/styles.min.css?s=1774777728" "Mozilla/5.0 (Windows NT 10.0; Win64; x64) AppleWebKit/537.36 (KHTML, like Gecko) Chrome/148.0.0.0 Safari/537.36"
79.169.42.33 - - [11/Jun/2026:13:24:25 +0100] "GET /cpsess4680654539/3rdparty/roundcube/skins/elastic/images/logo.svg HTTP/1.0" 200 397 "https://webmail.albatroz-eng.com/cpsess4680654539/3rdparty/roundcube/skins/elastic/watermark.html" "Mozilla/5.0 (Windows NT 10.0; Win64; x64) AppleWebKit/537.36 (KHTML, like Gecko) Chrome/148.0.0.0 Safari/537.36"
79.169.42.33 - - [11/Jun/2026:13:24:25 +0100] "GET /cpsess4680654539/3rdparty/roundcube/program/resources/blank.tiff HTTP/1.0" 200 270 "https://webmail.albatroz-eng.com/cpsess4680654539/3rdparty/roundcube/?_task=mail&_mbox=INBOX" "Mozilla/5.0 (Windows NT 10.0; Win64; x64) AppleWebKit/537.36 (KHTML, like Gecko) Chrome/148.0.0.0 Safari/537.36"
79.169.42.33 - - [11/Jun/2026:13:24:25 +0100] "GET /cPanel_magic_revision_1774777728/3rdparty/roundcube/skins/elastic/fonts/fa-solid-900.woff2 HTTP/1.0" 304 - "https://webmail.albatroz-eng.com/cpsess4680654539/3rdparty/roundcube/skins/elastic/styles/styles.min.css?s=1774777728" "Mozilla/5.0 (Windows NT 10.0; Win64; x64) AppleWebKit/537.36 (KHTML, like Gecko) Chrome/148.0.0.0 Safari/537.36"
79.169.42.33 - - [11/Jun/2026:13:24:25 +0100] "GET /cpsess4680654539/3rdparty/roundcube/?_task=mail&_action=getunread&_page=1&_remote=1&_unlock=0&_=1781180665068 HTTP/1.0" 200 1387 "https://webmail.albatroz-eng.com/cpsess4680654539/3rdparty/roundcube/?_task=mail&_mbox=INBOX" "Mozilla/5.0 (Windows NT 10.0; Win64; x64) AppleWebKit/537.36 (KHTML, like Gecko) Chrome/148.0.0.0 Safari/537.36"
79.169.42.33 - - [11/Jun/2026:13:24:25 +0100] "GET /cpsess4680654539/3rdparty/roundcube/?_task=mail&_action=list&_refresh=1&_layout=widescreen&_mbox=INBOX&_page=&_remote=1&_unlock=loading1781180665211&_=1781180665067 HTTP/1.0" 200 3465 "https://webmail.albatroz-eng.com/cpsess4680654539/3rdparty/roundcube/?_task=mail&_token=T9Cz3jjeQDRjFckhNb1yNqgAjFyL9Km8" "Mozilla/5.0 (Windows NT 10.0; Win64; x64) AppleWebKit/537.36 (KHTML, like Gecko) Chrome/148.0.0.0 Safari/537.36"
79.169.42.33 - - [11/Jun/2026:13:24:25 +0100] "GET /cpsess4680654539/3rdparty/roundcube/program/resources/blank.webp HTTP/1.0" 200 86 "https://webmail.albatroz-eng.com/cpsess4680654539/3rdparty/roundcube/?_task=mail&_mbox=INBOX" "Mozilla/5.0 (Windows NT 10.0; Win64; x64) AppleWebKit/537.36 (KHTML, like Gecko) Chrome/148.0.0.0 Safari/537.36"
79.169.42.33 - - [11/Jun/2026:13:24:25 +0100] "GET /3rdparty/roundcube/skins/elastic/fonts/fa-regular-400.woff2 HTTP/1.0" 200 13580 "https://webmail.albatroz-eng.com/cpsess4680654539/3rdparty/roundcube/skins/elastic/styles/styles.min.css?s=1774777728" "Mozilla/5.0 (Windows NT 10.0; Win64; x64) AppleWebKit/537.36 (KHTML, like Gecko) Chrome/148.0.0.0 Safari/537.36"
79.169.42.33 - - [11/Jun/2026:13:24:25 +0100] "GET /cpsess4680654539/3rdparty/roundcube/skins/elastic/images/favicon.ico?s=1774777728 HTTP/1.0" 200 1871 "https://webmail.albatroz-eng.com/cpsess4680654539/3rdparty/roundcube/?_task=mail&_mbox=INBOX" "Mozilla/5.0 (Windows NT 10.0; Win64; x64) AppleWebKit/537.36 (KHTML, like Gecko) Chrome/148.0.0.0 Safari/537.36"
79.169.42.33 - - [11/Jun/2026:13:24:29 +0100] "GET /cpsess4680654539/3rdparty/roundcube/?_task=mail&_caps=pdf%3D1%2Cflash%3D0%2Ctiff%3D0%2Cwebp%3D1%2Cpgpmime%3D0&_uid=31&_mbox=INBOX&_framed=1&_action=preview HTTP/1.0" 200 8011 "https://webmail.albatroz-eng.com/cpsess4680654539/3rdparty/roundcube/?_task=mail&_mbox=INBOX" "Mozilla/5.0 (Windows NT 10.0; Win64; x64) AppleWebKit/537.36 (KHTML, like Gecko) Chrome/148.0.0.0 Safari/537.36"
79.169.42.33 - - [11/Jun/2026:13:24:29 +0100] "GET /cPanel_magic_revision_1774777728/3rdparty/roundcube/skins/elastic/fonts/fa-regular-400.woff2 HTTP/1.0" 200 13580 "https://webmail.albatroz-eng.com/cpsess4680654539/3rdparty/roundcube/skins/elastic/styles/styles.min.css?s=1774777728" "Mozilla/5.0 (Windows NT 10.0; Win64; x64) AppleWebKit/537.36 (KHTML, like Gecko) Chrome/148.0.0.0 Safari/537.36"
79.169.42.33 - - [11/Jun/2026:13:24:29 +0100] "GET /cpsess4680654539/3rdparty/roundcube/?_task=addressbook&_action=photo&_email=contabilidade_abz%40albatroz-eng.com&_error=1&_bgcolor=transparent HTTP/1.0" 204 - "https://webmail.albatroz-eng.com/cpsess4680654539/3rdparty/roundcube/?_task=mail&_caps=pdf%3D1%2Cflash%3D0%2Ctiff%3D0%2Cwebp%3D1%2Cpgpmime%3D0&_uid=31&_mbox=INBOX&_framed=1&_action=preview" "Mozilla/5.0 (Windows NT 10.0; Win64; x64) AppleWebKit/537.36 (KHTML, like Gecko) Chrome/148.0.0.0 Safari/537.36"
79.169.42.33 - - [11/Jun/2026:13:24:30 +0100] "GET /cpsess4680654539/3rdparty/roundcube/skins/elastic/images/contactpic.svg HTTP/1.0" 200 367 "https://webmail.albatroz-eng.com/cpsess4680654539/3rdparty/roundcube/?_task=mail&_caps=pdf%3D1%2Cflash%3D0%2Ctiff%3D0%2Cwebp%3D1%2Cpgpmime%3D0&_uid=31&_mbox=INBOX&_framed=1&_action=preview" "Mozilla/5.0 (Windows NT 10.0; Win64; x64) AppleWebKit/537.36 (KHTML, like Gecko) Chrome/148.0.0.0 Safari/537.36"
57.141.20.45 - - [11/Jun/2026:13:24:31 +0100] "GET /67442854 HTTP/1.0" 500 - "-" "meta-externalagent/1.1 (+https://developers.facebook.com/docs/sharing/webmasters/crawler)"
79.169.42.33 - - [11/Jun/2026:13:24:32 +0100] "POST /cpsess4680654539/3rdparty/roundcube/?_task=mail&_framed=1&_action=sendmdn HTTP/1.0" 200 1380 "https://webmail.albatroz-eng.com/cpsess4680654539/3rdparty/roundcube/?_task=mail&_caps=pdf%3D1%2Cflash%3D0%2Ctiff%3D0%2Cwebp%3D1%2Cpgpmime%3D0&_uid=31&_mbox=INBOX&_framed=1&_action=preview" "Mozilla/5.0 (Windows NT 10.0; Win64; x64) AppleWebKit/537.36 (KHTML, like Gecko) Chrome/148.0.0.0 Safari/537.36"
73.156.141.171 - - [11/Jun/2026:13:24:41 +0100] "GET /69190825 HTTP/1.0" 500 - "-" "Mozilla/5.0 (Macintosh; Intel Mac OS X 11_7_0) AppleWebKit/537.36 (KHTML, like Gecko) Chrome/126.0.6478.126 Safari/537.36"
66.29.156.133 - - [11/Jun/2026:13:24:55 +0100] "GET /wp-login.php HTTP/1.0" 500 - "https://albatroz.engineering/wp-login.php" "Mozilla/5.0 (Windows NT 10.0; WOW64) AppleWebKit/537.36 (KHTML, like Gecko) Chrome/133.0.0.0 Safari/537.36"
79.169.42.33 - - [11/Jun/2026:13:24:58 +0100] "POST /cpsess5077675378/3rdparty/roundcube/?_task=mail&_action=refresh HTTP/1.0" 200 1387 "https://webmail.albatroz-eng.com/cpsess5077675378/3rdparty/roundcube/?_task=mail&_mbox=INBOX" "Mozilla/5.0 (Windows NT 10.0; Win64; x64) AppleWebKit/537.36 (KHTML, like Gecko) Chrome/148.0.0.0 Safari/537.36"
66.29.156.133 - - [11/Jun/2026:13:25:01 +0100] "GET /wp-login.php HTTP/1.0" 500 - "https://albatroz.engineering/wp-login.php" "Mozilla/5.0 (Windows NT 10.0; WOW64) AppleWebKit/537.36 (KHTML, like Gecko) Chrome/133.0.0.0 Safari/537.36"
79.169.42.33 - - [11/Jun/2026:13:25:01 +0100] "POST /cpsess5049072543/3rdparty/roundcube/?_task=mail&_action=refresh HTTP/1.0" 308 152 "https://webmail.albatroz-eng.com/cpsess5049072543/3rdparty/roundcube/?_task=mail&_mbox=INBOX" "Mozilla/5.0 (Windows NT 10.0; Win64; x64) AppleWebKit/537.36 (KHTML, like Gecko) Chrome/149.0.0.0 Safari/537.36"
79.169.42.33 - - [11/Jun/2026:13:25:02 +0100] "POST /cpsess5049072543/3rdparty/roundcube/?_task=mail&_action=refresh HTTP/1.0" 200 1387 "https://webmail.albatroz-eng.com/cpsess5049072543/3rdparty/roundcube/?_task=mail&_mbox=INBOX" "Mozilla/5.0 (Windows NT 10.0; Win64; x64) AppleWebKit/537.36 (KHTML, like Gecko) Chrome/149.0.0.0 Safari/537.36"
24.93.162.63 - - [11/Jun/2026:13:25:08 +0100] "GET /69369899 HTTP/1.0" 500 - "-" "Mozilla/5.0 (Macintosh; Intel Mac OS X 11_3_1) AppleWebKit/537.36 (KHTML, like Gecko) Chrome/130.0.6723.116 Safari/537.36"
79.169.42.33 - - [11/Jun/2026:13:25:15 +0100] "POST /cpsess2601441477/3rdparty/roundcube/?_task=mail&_action=refresh HTTP/1.0" 308 152 "https://webmail.albatroz-eng.com/cpsess2601441477/3rdparty/roundcube/?_task=mail&_mbox=INBOX" "Mozilla/5.0 (Windows NT 10.0; Win64; x64; rv:151.0) Gecko/20100101 Firefox/151.0"
79.169.42.33 - - [11/Jun/2026:13:25:15 +0100] "POST /cpsess2601441477/3rdparty/roundcube/?_task=mail&_action=refresh HTTP/1.0" 308 152 "https://webmail.albatroz-eng.com/cpsess2601441477/3rdparty/roundcube/?_task=mail&_mbox=INBOX" "Mozilla/5.0 (Windows NT 10.0; Win64; x64; rv:151.0) Gecko/20100101 Firefox/151.0"
79.169.42.33 - - [11/Jun/2026:13:25:16 +0100] "POST /cpsess2601441477/3rdparty/roundcube/?_task=mail&_action=refresh HTTP/1.0" 200 1389 "https://webmail.albatroz-eng.com/cpsess2601441477/3rdparty/roundcube/?_task=mail&_mbox=INBOX" "Mozilla/5.0 (Windows NT 10.0; Win64; x64; rv:151.0) Gecko/20100101 Firefox/151.0"
79.169.42.33 - - [11/Jun/2026:13:25:18 +0100] "POST /cpsess2587555456/3rdparty/roundcube/?_task=mail&_action=refresh HTTP/1.0" 200 1332 "https://webmail.albatroz-eng.com/cpsess2587555456/3rdparty/roundcube/?_task=mail&_caps=pdf%3D1%2Cflash%3D0%2Ctiff%3D0%2Cwebp%3D1%2Cpgpmime%3D0&_uid=97&_mbox=INBOX.Registos.Ptisp&_action=show" "Mozilla/5.0 (Windows NT 10.0; Win64; x64) AppleWebKit/537.36 (KHTML, like Gecko) Chrome/149.0.0.0 Safari/537.36"
66.249.64.40 - - [11/Jun/2026:13:25:21 +0100] "GET /robots.txt HTTP/1.0" 500 - "-" "Mozilla/5.0 (compatible; Googlebot/2.1; +http://www.google.com/bot.html)"
79.169.42.33 - - [11/Jun/2026:13:25:25 +0100] "POST /cpsess4680654539/3rdparty/roundcube/?_task=mail&_action=refresh HTTP/1.0" 200 1405 "https://webmail.albatroz-eng.com/cpsess4680654539/3rdparty/roundcube/?_task=mail&_mbox=INBOX" "Mozilla/5.0 (Windows NT 10.0; Win64; x64) AppleWebKit/537.36 (KHTML, like Gecko) Chrome/148.0.0.0 Safari/537.36"
97.177.165.75 - - [11/Jun/2026:13:25:33 +0100] "GET /69483171 HTTP/1.0" 500 - "-" "Mozilla/5.0 (Macintosh; Intel Mac OS X 13_2_1) AppleWebKit/537.36 (KHTML, like Gecko) Chrome/126.0.6478.126 Safari/537.36"
57.141.20.6 - - [11/Jun/2026:13:25:38 +0100] "GET /74509526 HTTP/1.0" 500 - "-" "meta-externalagent/1.1 (+https://developers.facebook.com/docs/sharing/webmasters/crawler)"
179.42.40.28 - - [11/Jun/2026:13:25:41 +0100] "GET /?86888128 HTTP/1.0" 500 - "-" "Mozilla/5.0 (Macintosh; Intel Mac OS X 10_15_4) AppleWebKit/537.36 (KHTML, like Gecko) Brave Chrome/80.0.3987.149 Safari/537.36"
185.61.154.191 - - [11/Jun/2026:13:25:50 +0100] "GET /wp-login.php HTTP/1.0" 500 - "-" "Mozilla/5.0 (Windows NT 10.0; Win64; x64) AppleWebKit/537.36 (KHTML, like Gecko) Chrome/120.0.0.0 Safari/537.36"
79.169.42.33 - - [11/Jun/2026:13:25:58 +0100] "POST /cpsess5077675378/3rdparty/roundcube/?_task=mail&_action=refresh HTTP/1.0" 200 1387 "https://webmail.albatroz-eng.com/cpsess5077675378/3rdparty/roundcube/?_task=mail&_mbox=INBOX" "Mozilla/5.0 (Windows NT 10.0; Win64; x64) AppleWebKit/537.36 (KHTML, like Gecko) Chrome/148.0.0.0 Safari/537.36"
79.169.42.33 - - [11/Jun/2026:13:26:02 +0100] "POST /cpsess5049072543/3rdparty/roundcube/?_task=mail&_action=refresh HTTP/1.0" 200 1387 "https://webmail.albatroz-eng.com/cpsess5049072543/3rdparty/roundcube/?_task=mail&_mbox=INBOX" "Mozilla/5.0 (Windows NT 10.0; Win64; x64) AppleWebKit/537.36 (KHTML, like Gecko) Chrome/149.0.0.0 Safari/537.36"
79.169.42.33 - - [11/Jun/2026:13:26:14 +0100] "POST /cpsess3017045022/3rdparty/roundcube/?_task=mail&_action=refresh HTTP/1.0" 200 1387 "https://webmail.albatroz-eng.com/cpsess3017045022/3rdparty/roundcube/?_task=mail&_mbox=INBOX" "Mozilla/5.0 (Windows NT 10.0; Win64; x64) AppleWebKit/537.36 (KHTML, like Gecko) Chrome/145.0.0.0 Safari/537.36"
79.169.42.33 - - [11/Jun/2026:13:26:18 +0100] "POST /cpsess2587555456/3rdparty/roundcube/?_task=mail&_action=refresh HTTP/1.0" 200 1331 "https://webmail.albatroz-eng.com/cpsess2587555456/3rdparty/roundcube/?_task=mail&_caps=pdf%3D1%2Cflash%3D0%2Ctiff%3D0%2Cwebp%3D1%2Cpgpmime%3D0&_uid=97&_mbox=INBOX.Registos.Ptisp&_action=show" "Mozilla/5.0 (Windows NT 10.0; Win64; x64) AppleWebKit/537.36 (KHTML, like Gecko) Chrome/149.0.0.0 Safari/537.36"
103.60.205.16 - - [11/Jun/2026:13:26:20 +0100] "GET /50272287 HTTP/1.0" 500 - "-" "Mozilla/5.0 (Windows NT 6.1) AppleWebKit/537.36 (KHTML, like Gecko) Chrome/63.0.3235.0 Safari/537.36"
192.178.4.100 - - [11/Jun/2026:13:26:21 +0100] "GET /25254229 HTTP/1.0" 500 - "-" "Mozilla/5.0 (Linux; Android 6.0.1; Nexus 5X Build/MMB29P) AppleWebKit/537.36 (KHTML, like Gecko) Chrome/148.0.7778.96 Mobile Safari/537.36 (compatible; Googlebot/2.1; +http://www.google.com/bot.html)"
79.169.42.33 - - [11/Jun/2026:13:26:22 +0100] "POST /cpsess2601441477/3rdparty/roundcube/?_task=mail&_action=refresh HTTP/1.0" 200 1390 "https://webmail.albatroz-eng.com/cpsess2601441477/3rdparty/roundcube/?_task=mail&_mbox=INBOX" "Mozilla/5.0 (Windows NT 10.0; Win64; x64; rv:151.0) Gecko/20100101 Firefox/151.0"
73.91.55.244 - - [11/Jun/2026:13:26:25 +0100] "GET /71896053 HTTP/1.0" 500 - "-" "Mozilla/5.0 (Windows NT 10.0; WOW64; rv:130.0) Gecko/20100101 Firefox/130.0"
79.169.42.33 - - [11/Jun/2026:13:26:25 +0100] "POST /cpsess4680654539/3rdparty/roundcube/?_task=mail&_action=refresh HTTP/1.0" 308 152 "https://webmail.albatroz-eng.com/cpsess4680654539/3rdparty/roundcube/?_task=mail&_mbox=INBOX" "Mozilla/5.0 (Windows NT 10.0; Win64; x64) AppleWebKit/537.36 (KHTML, like Gecko) Chrome/148.0.0.0 Safari/537.36"
79.169.42.33 - - [11/Jun/2026:13:26:26 +0100] "POST /cpsess4680654539/3rdparty/roundcube/?_task=mail&_action=refresh HTTP/1.0" 200 1387 "https://webmail.albatroz-eng.com/cpsess4680654539/3rdparty/roundcube/?_task=mail&_mbox=INBOX" "Mozilla/5.0 (Windows NT 10.0; Win64; x64) AppleWebKit/537.36 (KHTML, like Gecko) Chrome/148.0.0.0 Safari/537.36"
67.20.76.166 - - [11/Jun/2026:13:26:29 +0100] "GET /wp-login.php HTTP/1.0" 500 - "https://albatroz.engineering/wp-login.php" "Mozilla/5.0 (Windows NT 10.0; Win64; x64) AppleWebKit/537.36 (KHTML, like Gecko) Chrome/120.0.0.0 Safari/537.36"
57.141.20.43 - - [11/Jun/2026:13:26:45 +0100] "GET /?43170779 HTTP/1.0" 500 - "-" "meta-externalagent/1.1 (+https://developers.facebook.com/docs/sharing/webmasters/crawler)"
153.66.137.118 - - [11/Jun/2026:13:26:52 +0100] "GET /72039783 HTTP/1.0" 500 - "-" "Mozilla/5.0 (Windows NT 10.0; Win64; x64) AppleWebKit/537.36 (KHTML, like Gecko) Chrome/133.0.6943.53 Safari/537.36"
79.169.42.33 - - [11/Jun/2026:13:26:59 +0100] "POST /cpsess5077675378/3rdparty/roundcube/?_task=mail&_action=refresh HTTP/1.0" 200 1387 "https://webmail.albatroz-eng.com/cpsess5077675378/3rdparty/roundcube/?_task=mail&_mbox=INBOX" "Mozilla/5.0 (Windows NT 10.0; Win64; x64) AppleWebKit/537.36 (KHTML, like Gecko) Chrome/148.0.0.0 Safari/537.36"
79.169.42.33 - - [11/Jun/2026:13:27:01 +0100] "POST /cpsess5049072543/3rdparty/roundcube/?_task=mail&_action=refresh HTTP/1.0" 308 152 "https://webmail.albatroz-eng.com/cpsess5049072543/3rdparty/roundcube/?_task=mail&_mbox=INBOX" "Mozilla/5.0 (Windows NT 10.0; Win64; x64) AppleWebKit/537.36 (KHTML, like Gecko) Chrome/149.0.0.0 Safari/537.36"
79.169.42.33 - - [11/Jun/2026:13:27:02 +0100] "POST /cpsess5049072543/3rdparty/roundcube/?_task=mail&_action=refresh HTTP/1.0" 200 1387 "https://webmail.albatroz-eng.com/cpsess5049072543/3rdparty/roundcube/?_task=mail&_mbox=INBOX" "Mozilla/5.0 (Windows NT 10.0; Win64; x64) AppleWebKit/537.36 (KHTML, like Gecko) Chrome/149.0.0.0 Safari/537.36"
107.15.104.161 - - [11/Jun/2026:13:27:18 +0100] "GET /73620590 HTTP/1.0" 500 - "-" "Mozilla/5.0 (Macintosh; Intel Mac OS X 13_5_1) AppleWebKit/537.36 (KHTML, like Gecko) Chrome/125.0.6422.60 Safari/537.36"
79.169.42.33 - - [11/Jun/2026:13:27:18 +0100] "POST /cpsess2587555456/3rdparty/roundcube/?_task=mail&_action=refresh HTTP/1.0" 200 1331 "https://webmail.albatroz-eng.com/cpsess2587555456/3rdparty/roundcube/?_task=mail&_caps=pdf%3D1%2Cflash%3D0%2Ctiff%3D0%2Cwebp%3D1%2Cpgpmime%3D0&_uid=97&_mbox=INBOX.Registos.Ptisp&_action=show" "Mozilla/5.0 (Windows NT 10.0; Win64; x64) AppleWebKit/537.36 (KHTML, like Gecko) Chrome/149.0.0.0 Safari/537.36"
79.169.42.33 - - [11/Jun/2026:13:27:25 +0100] "POST /cpsess9339340878/3rdparty/roundcube/?_task=mail&_action=refresh HTTP/1.0" 200 4984 "https://webmail.albatroz-eng.com/cpsess9339340878/3rdparty/roundcube/?_task=mail&_mbox=INBOX" "Mozilla/5.0 (Windows NT 10.0; Win64; x64; rv:151.0) Gecko/20100101 Firefox/151.0"
79.169.42.33 - - [11/Jun/2026:13:27:25 +0100] "POST /cpsess4680654539/3rdparty/roundcube/?_task=mail&_action=refresh HTTP/1.0" 200 1387 "https://webmail.albatroz-eng.com/cpsess4680654539/3rdparty/roundcube/?_task=mail&_mbox=INBOX" "Mozilla/5.0 (Windows NT 10.0; Win64; x64) AppleWebKit/537.36 (KHTML, like Gecko) Chrome/148.0.0.0 Safari/537.36"
79.169.42.33 - - [11/Jun/2026:13:27:29 +0100] "POST /cpsess2601441477/3rdparty/roundcube/?_task=mail&_action=refresh HTTP/1.0" 200 1389 "https://webmail.albatroz-eng.com/cpsess2601441477/3rdparty/roundcube/?_task=mail&_mbox=INBOX" "Mozilla/5.0 (Windows NT 10.0; Win64; x64; rv:151.0) Gecko/20100101 Firefox/151.0"
73.108.18.86 - - [11/Jun/2026:13:27:44 +0100] "GET /74402171 HTTP/1.0" 500 - "-" "Mozilla/5.0 (Windows NT 10.0; Win64; x64; rv:125.0) Gecko/20100101 Firefox/125.0"
66.249.64.40 - - [11/Jun/2026:13:27:45 +0100] "GET /robots.txt HTTP/1.0" 500 - "-" "Mozilla/5.0 (compatible; Googlebot/2.1; +http://www.google.com/bot.html)"
121.200.216.55 - - [11/Jun/2026:13:27:47 +0100] "GET /wp-login.php HTTP/1.0" 500 - "-" "Mozilla/5.0 (Windows NT 10.0; WOW64) AppleWebKit/537.36 (KHTML, like Gecko) Chrome/133.0.0.0 Safari/537.36"
121.200.216.55 - - [11/Jun/2026:13:27:49 +0100] "POST /wp-login.php HTTP/1.0" 500 - "https://albatroz-eng.com/wp-login.php" "Mozilla/5.0 (Windows NT 10.0; WOW64) AppleWebKit/537.36 (KHTML, like Gecko) Chrome/133.0.0.0 Safari/537.36"
57.141.20.44 - - [11/Jun/2026:13:27:51 +0100] "GET /85689838 HTTP/1.0" 500 - "-" "meta-externalagent/1.1 (+https://developers.facebook.com/docs/sharing/webmasters/crawler)"
79.169.42.33 - - [11/Jun/2026:13:27:58 +0100] "POST /cpsess5077675378/3rdparty/roundcube/?_task=mail&_action=refresh HTTP/1.0" 200 1387 "https://webmail.albatroz-eng.com/cpsess5077675378/3rdparty/roundcube/?_task=mail&_mbox=INBOX" "Mozilla/5.0 (Windows NT 10.0; Win64; x64) AppleWebKit/537.36 (KHTML, like Gecko) Chrome/148.0.0.0 Safari/537.36"
79.169.42.33 - - [11/Jun/2026:13:28:01 +0100] "POST /cpsess5049072543/3rdparty/roundcube/?_task=mail&_action=refresh HTTP/1.0" 308 152 "https://webmail.albatroz-eng.com/cpsess5049072543/3rdparty/roundcube/?_task=mail&_mbox=INBOX" "Mozilla/5.0 (Windows NT 10.0; Win64; x64) AppleWebKit/537.36 (KHTML, like Gecko) Chrome/149.0.0.0 Safari/537.36"
79.169.42.33 - - [11/Jun/2026:13:28:02 +0100] "POST /cpsess5049072543/3rdparty/roundcube/?_task=mail&_action=refresh HTTP/1.0" 308 152 "https://webmail.albatroz-eng.com/cpsess5049072543/3rdparty/roundcube/?_task=mail&_mbox=INBOX" "Mozilla/5.0 (Windows NT 10.0; Win64; x64) AppleWebKit/537.36 (KHTML, like Gecko) Chrome/149.0.0.0 Safari/537.36"
79.169.42.33 - - [11/Jun/2026:13:28:02 +0100] "POST /cpsess5049072543/3rdparty/roundcube/?_task=mail&_action=refresh HTTP/1.0" 200 1387 "https://webmail.albatroz-eng.com/cpsess5049072543/3rdparty/roundcube/?_task=mail&_mbox=INBOX" "Mozilla/5.0 (Windows NT 10.0; Win64; x64) AppleWebKit/537.36 (KHTML, like Gecko) Chrome/149.0.0.0 Safari/537.36"
174.57.0.57 - - [11/Jun/2026:13:28:09 +0100] "GET /74602920 HTTP/1.0" 500 - "-" "Mozilla/5.0 (Windows NT 10.0; Win64; x64) AppleWebKit/537.36 (KHTML, like Gecko) Chrome/128.0.6613.84 Safari/537.36"
79.169.42.33 - - [11/Jun/2026:13:28:14 +0100] "POST /cpsess3017045022/3rdparty/roundcube/?_task=mail&_action=refresh HTTP/1.0" 200 1388 "https://webmail.albatroz-eng.com/cpsess3017045022/3rdparty/roundcube/?_task=mail&_mbox=INBOX" "Mozilla/5.0 (Windows NT 10.0; Win64; x64) AppleWebKit/537.36 (KHTML, like Gecko) Chrome/145.0.0.0 Safari/537.36"
14.237.197.163 - - [11/Jun/2026:13:28:17 +0100] "GET /?52301074 HTTP/1.0" 500 - "-" "Mozilla/5.0 (Macintosh; Intel Mac OS X 10_15_7) AppleWebKit/537.36 (KHTML, like Gecko) Brave Chrome/83.0.4103.116 Safari/537.36"
79.169.42.33 - - [11/Jun/2026:13:28:18 +0100] "POST /cpsess2587555456/3rdparty/roundcube/?_task=mail&_action=refresh HTTP/1.0" 200 1331 "https://webmail.albatroz-eng.com/cpsess2587555456/3rdparty/roundcube/?_task=mail&_caps=pdf%3D1%2Cflash%3D0%2Ctiff%3D0%2Cwebp%3D1%2Cpgpmime%3D0&_uid=97&_mbox=INBOX.Registos.Ptisp&_action=show" "Mozilla/5.0 (Windows NT 10.0; Win64; x64) AppleWebKit/537.36 (KHTML, like Gecko) Chrome/149.0.0.0 Safari/537.36"
41.73.99.177 - - [11/Jun/2026:13:28:18 +0100] "GET /?85740486 HTTP/1.0" 500 - "-" "Mozilla/5.0 (Macintosh; Intel Mac OS X 10_15_7) AppleWebKit/537.36 (KHTML, like Gecko) Chrome/100.0.4896.60 Safari/537.36"
93.89.225.26 - - [11/Jun/2026:13:28:23 +0100] "GET /wp-login.php HTTP/1.0" 500 - "https://albatroz.engineering/wp-login.php" "Mozilla/5.0 (Windows NT 10.0; Win64; x64) AppleWebKit/537.36 (KHTML, like Gecko) Chrome/120.0.0.0 Safari/537.36"
79.169.42.33 - - [11/Jun/2026:13:28:25 +0100] "POST /cpsess4680654539/3rdparty/roundcube/?_task=mail&_action=refresh HTTP/1.0" 200 1388 "https://webmail.albatroz-eng.com/cpsess4680654539/3rdparty/roundcube/?_task=mail&_mbox=INBOX" "Mozilla/5.0 (Windows NT 10.0; Win64; x64) AppleWebKit/537.36 (KHTML, like Gecko) Chrome/148.0.0.0 Safari/537.36"
185.191.171.19 - - [11/Jun/2026:13:28:29 +0100] "GET /robots.txt HTTP/1.0" 500 - "-" "Mozilla/5.0 (compatible; SemrushBot/7~bl; +http://www.semrush.com/bot.html)"
185.191.171.18 - - [11/Jun/2026:13:28:30 +0100] "GET /wp-includes/sodium_compat/namespaced/ HTTP/1.0" 200 1428 "-" "Mozilla/5.0 (compatible; SemrushBot/7~bl; +http://www.semrush.com/bot.html)"
79.169.42.33 - - [11/Jun/2026:13:28:36 +0100] "POST /cpsess2601441477/3rdparty/roundcube/?_task=mail&_action=refresh HTTP/1.0" 200 1389 "https://webmail.albatroz-eng.com/cpsess2601441477/3rdparty/roundcube/?_task=mail&_mbox=INBOX" "Mozilla/5.0 (Windows NT 10.0; Win64; x64; rv:151.0) Gecko/20100101 Firefox/151.0"
172.59.223.62 - - [11/Jun/2026:13:28:37 +0100] "GET /74754564 HTTP/1.0" 500 - "-" "Mozilla/5.0 (Macintosh; Intel Mac OS X 13_5_2) AppleWebKit/537.36 (KHTML, like Gecko) Chrome/129.0.6668.100 Safari/537.36"
203.190.11.3 - - [11/Jun/2026:13:28:44 +0100] "GET /wp-login.php HTTP/1.0" 500 - "-" "Mozilla/5.0 (Windows NT 10.0; Win64; x64) AppleWebKit/537.36 (KHTML, like Gecko) Chrome/133.0.0.0 Safari/537.36"
203.190.11.3 - - [11/Jun/2026:13:28:48 +0100] "POST /wp-login.php HTTP/1.0" 500 - "https://albatroz-eng.com/wp-login.php" "Mozilla/5.0 (Windows NT 10.0; Win64; x64) AppleWebKit/537.36 (KHTML, like Gecko) Chrome/133.0.0.0 Safari/537.36"
57.141.20.39 - - [11/Jun/2026:13:28:58 +0100] "GET /36663131 HTTP/1.0" 500 - "-" "meta-externalagent/1.1 (+https://developers.facebook.com/docs/sharing/webmasters/crawler)"
79.169.42.33 - - [11/Jun/2026:13:28:58 +0100] "POST /cpsess5077675378/3rdparty/roundcube/?_task=mail&_action=refresh HTTP/1.0" 308 152 "https://webmail.albatroz-eng.com/cpsess5077675378/3rdparty/roundcube/?_task=mail&_mbox=INBOX" "Mozilla/5.0 (Windows NT 10.0; Win64; x64) AppleWebKit/537.36 (KHTML, like Gecko) Chrome/148.0.0.0 Safari/537.36"
79.169.42.33 - - [11/Jun/2026:13:28:59 +0100] "POST /cpsess5077675378/3rdparty/roundcube/?_task=mail&_action=refresh HTTP/1.0" 308 152 "https://webmail.albatroz-eng.com/cpsess5077675378/3rdparty/roundcube/?_task=mail&_mbox=INBOX" "Mozilla/5.0 (Windows NT 10.0; Win64; x64) AppleWebKit/537.36 (KHTML, like Gecko) Chrome/148.0.0.0 Safari/537.36"
